{"id":7,"date":"2012-01-05T13:42:48","date_gmt":"2012-01-05T12:42:48","guid":{"rendered":"http:\/\/www.chronicles-of-the-luftwaffe.de\/?page_id=7"},"modified":"2020-02-17T22:14:42","modified_gmt":"2020-02-17T21:14:42","slug":"impressum","status":"publish","type":"page","link":"https:\/\/www.chronicles-of-the-luftwaffe.de\/?page_id=7","title":{"rendered":"Impressum"},"content":{"rendered":"<p><!--:de--><\/p>\n<h2><strong>Verantwortlich f\u00fcr den Inhalt dieser Seiten:<\/strong><\/h2>\n<p>Andreas Zapf<br \/>\nKapellenbergstr. 37<br \/>\n61389 Schmitten<\/p>\n<p>Copyright \u00a9 2020 by Andreas Zapf &#8211; <a href=\"mailto:andreas@andreaszapf.de\">andreas@andreaszapf.de<\/a><\/p>\n<h2><strong>Haftung und Gew\u00e4hrleistung<\/strong><\/h2>\n<p>Die Inhalte dieser Webseite wurden mit gr\u00f6\u00dfter Sorgfalt und Vorsicht erstellt. F\u00fcr die Richtigkeit, Vollst\u00e4ndigkeit und Aktualit\u00e4t der Inhalte wird vom Betreiber der Webseite jedoch keine Gew\u00e4hr \u00fcbernommen.<\/p>\n<p>In keinem Fall kann der Betreiber dieser Webseite f\u00fcr etwaige Sch\u00e4den haftbar gemacht werden, die durch direkte oder indirekte Nutzung von Informationen entstehen. Dies schlie\u00dft auch evtl. Folgesch\u00e4den einschlie\u00dflich Datenverlust, Abfall der Systemverf\u00fcgbarkeit, entgangener Gewinn, etc. ein.<\/p>\n<p>Als Anbieter ist der Betreiber dieser Webseite gem\u00e4\u00df \u00a7 7 Abs.1 TMG f\u00fcr eigene Inhalte auf diesen Seiten nach den allgemeinen Gesetzen verantwortlich.<\/p>\n<p>Gem\u00e4\u00df \u00a77 Abs.2 TMG sowie \u00a7\u00a7 8 bis 10 TMG ist der Betreiber dieser Webseite nicht verpflichtet, \u00fcbermittelte oder gespeicherte fremde Informationen zu \u00fcberwachen oder nach Umst\u00e4nden zu forschen, die auf eine rechtswidrige T\u00e4tigkeit hinweisen.<\/p>\n<p>Verpflichtungen zur Entfernung oder Sperrung der Nutzung von Informationen nach den allgemeinen Gesetzen bleiben hiervon unber\u00fchrt. Eine diesbez\u00fcgliche Haftung ist jedoch erst ab dem Zeitpunkt der Kenntnis einer konkreten Rechtsverletzung m\u00f6glich. Bei Bekanntwerden von entsprechenden Rechtsverletzungen werden wir diese Inhalte umgehend entfernen.<\/p>\n<p>Der Betreiber dieser Webseite beh\u00e4lt sich ausdr\u00fccklich das Recht vor, ver\u00f6ffentlichte Information ohne vorherige Ank\u00fcndigung zu \u00fcberarbeiten, zu ver\u00e4ndern oder zu entfernen.<\/p>\n<h2>Verwendung von Symbolen<\/h2>\n<p>Diese Website dient der Darstellung und dem Einblick in einen Teilaspekt der deutschen Geschichte von 1933 bis 1945. Das Hakenkreuz wie auch alle anderen gezeigten Symbole sind Symbole dieser Epoche und ihre Darstellung dient, auf dem verwendeten Bildmaterial dient einzig der historischen Korrektheit.<\/p>\n<p>Ziel dieser Webseite ist die geschichtliche Aufarbeitung sowie der staatsb\u00fcrgerlichen Aufkl\u00e4rung. Sie dient Luftfahrtbegeisterten und historisch Interessierten als Nachschlagewerk und Quellen.<\/p>\n<p>Ausdr\u00fccklich distanziert sich der Eigent\u00fcmer und Betreiber von jeglicher extremistischer Position und Haltung &#8211; vom rechten Spektrum ebenso wie vom linken Spektrum der Gesellschaft.<\/p>\n<h2><strong>Haftung f\u00fcr Links<\/strong><\/h2>\n<p>Diese Webseite enth\u00e4lt Links zu externen Webseiten Dritter, auf deren Inhalte der Betreiber dieser Webseite keinen Einfluss hat.<\/p>\n<p>Deshalb kann der Betreiber dieser Webseite f\u00fcr diese fremden Inhalte auch keine Gew\u00e4hr \u00fcbernehmen. F\u00fcr die Inhalte der verlinkten Seiten ist stets der jeweilige Anbieter oder Betreiber der Seiten verantwortlich.<\/p>\n<p>Die verlinkten Seiten wurden zum Zeitpunkt der Verlinkung auf m\u00f6gliche Rechtsverst\u00f6\u00dfe \u00fcberpr\u00fcft. Rechtswidrige Inhalte waren zum Zeitpunkt der Verlinkung nicht erkennbar. Eine permanente inhaltliche Kontrolle der verlinkten Seiten ist jedoch ohne konkrete Anhaltspunkte einer Rechtsverletzung nicht zumutbar. Bei Bekanntwerden von Rechtsverletzungen werden wir derartige Links umgehend entfernen.<\/p>\n<h2><strong>Urheberrecht<\/strong><\/h2>\n<p>Die durch den Betreiber dieser Webseite erstellten Inhalte und Werke unterliegen dem deutschen Urheberrecht.<\/p>\n<p>Die Vervielf\u00e4ltigung, Bearbeitung, Verbreitung und jede Art der Verwertung au\u00dferhalb der Grenzen des Urheberrechtes bedarf in jedem Fall der schriftlichen Zustimmung des Betreibers dieser Webseite.<\/p>\n<p>Downloads und Kopien dieser Seite sind nicht gestattet. Bitte verlinken Sie in einem solchen Fall auf die entsprechenden Eintr\u00e4ge.<\/p>\n<p>Soweit die Inhalte auf dieser Seite nicht vom Betreiber erstellt wurden, werden die Urheberrechte Dritter beachtet. Insbesondere werden Inhalte Dritter als solche gekennzeichnet.<\/p>\n<p>Sollten Sie trotzdem auf eine Urheberrechtsverletzung aufmerksam werden, bitten wir um einen entsprechenden Hinweis. Bei Bekanntwerden von Rechtsverletzungen werden wir derartige Inhalte umgehend entfernen.<\/p>\n<p><strong>Wichtiger Hinweis:<\/strong> Diese Seite verwendet Bildmaterial von Zeitzeugen, welches aus unterschiedlichen Quellen erstanden wurde. Die Verwendung erfolgt zum Zweck der Illustration, es werden keinerlei kaufm\u00e4nnische Gewinne durch Ver\u00f6ffentlichung oder Verkauf erzielt. In vielen F\u00e4llen ist der Original-Urheber nicht mehr festzustellen, da Namen und\/oder Adressen fehlen. Es wird bei der Nutzung der Bilder davon ausgegangen, dass sie nie zuvor ver\u00f6ffentlicht wurden und daher keine Copyright-Verletzung vorliegt.<\/p>\n<h2><strong>Datenschutz<\/strong><\/h2>\n<p>Die Nutzung dieser Webseite ist in der Regel ohne Angabe personenbezogener Daten m\u00f6glich. Soweit auf unseren Seiten personenbezogene Daten (beispielsweise Name, Anschrift oder eMail-Adressen) erhoben werden, erfolgt dies, soweit m\u00f6glich, stets auf freiwilliger Basis. Diese Daten werden ohne Ihre ausdr\u00fcckliche Zustimmung nicht an Dritte weitergegeben.<\/p>\n<p>Wir weisen darauf hin, dass die Daten\u00fcbertragung im Internet (z.B. bei der Kommunikation per E-Mail) Sicherheitsl\u00fccken aufweisen kann. Ein l\u00fcckenloser Schutz der Daten vor dem Zugriff durch Dritte ist nicht m\u00f6glich.<\/p>\n<p>Der Nutzung von im Rahmen der Impressumspflicht ver\u00f6ffentlichten Kontaktdaten durch Dritte zur \u00dcbersendung von nicht ausdr\u00fccklich angeforderter Werbung und Informationsmaterialien wird hiermit ausdr\u00fccklich widersprochen. Die Betreiber der Seiten behalten sich ausdr\u00fccklich rechtliche Schritte im Falle der unverlangten Zusendung von Werbeinformationen, etwa durch Spam-Mails, vor.<\/p>\n","protected":false},"excerpt":{"rendered":"<p>Verantwortlich f\u00fcr den Inhalt dieser Seiten: Andreas Zapf Kapellenbergstr. 37 61389 Schmitten Copyright \u00a9 2020 by Andreas Zapf &#8211; andreas@andreaszapf.de Haftung und Gew\u00e4hrleistung Die Inhalte dieser Webseite wurden mit gr\u00f6\u00dfter Sorgfalt und Vorsicht erstellt. F\u00fcr die Richtigkeit, Vollst\u00e4ndigkeit und Aktualit\u00e4t &hellip; <a href=\"https:\/\/www.chronicles-of-the-luftwaffe.de\/?page_id=7\">Continue reading <span class=\"meta-nav\">&rarr;<\/span><\/a><\/p>\n","protected":false},"author":2,"featured_media":0,"parent":0,"menu_order":0,"comment_status":"closed","ping_status":"closed","template":"","meta":{"spay_email":"","footnotes":""},"class_list":["post-7","page","type-page","status-publish","hentry"],"jetpack_shortlink":"https:\/\/wp.me\/P26prQ-7","_links":{"self":[{"href":"https:\/\/www.chronicles-of-the-luftwaffe.de\/index.php?rest_route=\/wp\/v2\/pages\/7","targetHints":{"allow":["GET"]}}],"collection":[{"href":"https:\/\/www.chronicles-of-the-luftwaffe.de\/index.php?rest_route=\/wp\/v2\/pages"}],"about":[{"href":"https:\/\/www.chronicles-of-the-luftwaffe.de\/index.php?rest_route=\/wp\/v2\/types\/page"}],"author":[{"embeddable":true,"href":"https:\/\/www.chronicles-of-the-luftwaffe.de\/index.php?rest_route=\/wp\/v2\/users\/2"}],"replies":[{"embeddable":true,"href":"https:\/\/www.chronicles-of-the-luftwaffe.de\/index.php?rest_route=%2Fwp%2Fv2%2Fcomments&post=7"}],"version-history":[{"count":10,"href":"https:\/\/www.chronicles-of-the-luftwaffe.de\/index.php?rest_route=\/wp\/v2\/pages\/7\/revisions"}],"predecessor-version":[{"id":941,"href":"https:\/\/www.chronicles-of-the-luftwaffe.de\/index.php?rest_route=\/wp\/v2\/pages\/7\/revisions\/941"}],"wp:attachment":[{"href":"https:\/\/www.chronicles-of-the-luftwaffe.de\/index.php?rest_route=%2Fwp%2Fv2%2Fmedia&parent=7"}],"curies":[{"name":"wp","href":"https:\/\/api.w.org\/{rel}","templated":true}]}}

<p><!--:de--></p>
<h2><strong>Verantwortlich für den Inhalt dieser Seiten:</strong></h2>
<p>Andreas Zapf<br />
Kapellenbergstr. 37<br />
61389 Schmitten</p>
<p>Copyright © 2020 by Andreas Zapf &#8211; <a href="mailto:andreas@andreaszapf.de">andreas@andreaszapf.de</a></p>
<h2><strong>Haftung und Gewährleistung</strong></h2>
<p>Die Inhalte dieser Webseite wurden mit größter Sorgfalt und Vorsicht erstellt. Für die Richtigkeit, Vollständigkeit und Aktualität der Inhalte wird vom Betreiber der Webseite jedoch keine Gewähr übernommen.</p>
<p>In keinem Fall kann der Betreiber dieser Webseite für etwaige Schäden haftbar gemacht werden, die durch direkte oder indirekte Nutzung von Informationen entstehen. Dies schließt auch evtl. Folgeschäden einschließlich Datenverlust, Abfall der Systemverfügbarkeit, entgangener Gewinn, etc. ein.</p>
<p>Als Anbieter ist der Betreiber dieser Webseite gemäß § 7 Abs.1 TMG für eigene Inhalte auf diesen Seiten nach den allgemeinen Gesetzen verantwortlich.</p>
<p>Gemäß §7 Abs.2 TMG sowie §§ 8 bis 10 TMG ist der Betreiber dieser Webseite nicht verpflichtet, übermittelte oder gespeicherte fremde Informationen zu überwachen oder nach Umständen zu forschen, die auf eine rechtswidrige Tätigkeit hinweisen.</p>
<p>Verpflichtungen zur Entfernung oder Sperrung der Nutzung von Informationen nach den allgemeinen Gesetzen bleiben hiervon unberührt. Eine diesbezügliche Haftung ist jedoch erst ab dem Zeitpunkt der Kenntnis einer konkreten Rechtsverletzung möglich. Bei Bekanntwerden von entsprechenden Rechtsverletzungen werden wir diese Inhalte umgehend entfernen.</p>
<p>Der Betreiber dieser Webseite behält sich ausdrücklich das Recht vor, veröffentlichte Information ohne vorherige Ankündigung zu überarbeiten, zu verändern oder zu entfernen.</p>
<h2>Verwendung von Symbolen</h2>
<p>Diese Website dient der Darstellung und dem Einblick in einen Teilaspekt der deutschen Geschichte von 1933 bis 1945. Das Hakenkreuz wie auch alle anderen gezeigten Symbole sind Symbole dieser Epoche und ihre Darstellung dient, auf dem verwendeten Bildmaterial dient einzig der historischen Korrektheit.</p>
<p>Ziel dieser Webseite ist die geschichtliche Aufarbeitung sowie der staatsbürgerlichen Aufklärung. Sie dient Luftfahrtbegeisterten und historisch Interessierten als Nachschlagewerk und Quellen.</p>
<p>Ausdrücklich distanziert sich der Eigentümer und Betreiber von jeglicher extremistischer Position und Haltung &#8211; vom rechten Spektrum ebenso wie vom linken Spektrum der Gesellschaft.</p>
<h2><strong>Haftung für Links</strong></h2>
<p>Diese Webseite enthält Links zu externen Webseiten Dritter, auf deren Inhalte der Betreiber dieser Webseite keinen Einfluss hat.</p>
<p>Deshalb kann der Betreiber dieser Webseite für diese fremden Inhalte auch keine Gewähr übernehmen. Für die Inhalte der verlinkten Seiten ist stets der jeweilige Anbieter oder Betreiber der Seiten verantwortlich.</p>
<p>Die verlinkten Seiten wurden zum Zeitpunkt der Verlinkung auf mögliche Rechtsverstöße überprüft. Rechtswidrige Inhalte waren zum Zeitpunkt der Verlinkung nicht erkennbar. Eine permanente inhaltliche Kontrolle der verlinkten Seiten ist jedoch ohne konkrete Anhaltspunkte einer Rechtsverletzung nicht zumutbar. Bei Bekanntwerden von Rechtsverletzungen werden wir derartige Links umgehend entfernen.</p>
<h2><strong>Urheberrecht</strong></h2>
<p>Die durch den Betreiber dieser Webseite erstellten Inhalte und Werke unterliegen dem deutschen Urheberrecht.</p>
<p>Die Vervielfältigung, Bearbeitung, Verbreitung und jede Art der Verwertung außerhalb der Grenzen des Urheberrechtes bedarf in jedem Fall der schriftlichen Zustimmung des Betreibers dieser Webseite.</p>
<p>Downloads und Kopien dieser Seite sind nicht gestattet. Bitte verlinken Sie in einem solchen Fall auf die entsprechenden Einträge.</p>
<p>Soweit die Inhalte auf dieser Seite nicht vom Betreiber erstellt wurden, werden die Urheberrechte Dritter beachtet. Insbesondere werden Inhalte Dritter als solche gekennzeichnet.</p>
<p>Sollten Sie trotzdem auf eine Urheberrechtsverletzung aufmerksam werden, bitten wir um einen entsprechenden Hinweis. Bei Bekanntwerden von Rechtsverletzungen werden wir derartige Inhalte umgehend entfernen.</p>
<p><strong>Wichtiger Hinweis:</strong> Diese Seite verwendet Bildmaterial von Zeitzeugen, welches aus unterschiedlichen Quellen erstanden wurde. Die Verwendung erfolgt zum Zweck der Illustration, es werden keinerlei kaufmännische Gewinne durch Veröffentlichung oder Verkauf erzielt. In vielen Fällen ist der Original-Urheber nicht mehr festzustellen, da Namen und/oder Adressen fehlen. Es wird bei der Nutzung der Bilder davon ausgegangen, dass sie nie zuvor veröffentlicht wurden und daher keine Copyright-Verletzung vorliegt.</p>
<h2><strong>Datenschutz</strong></h2>
<p>Die Nutzung dieser Webseite ist in der Regel ohne Angabe personenbezogener Daten möglich. Soweit auf unseren Seiten personenbezogene Daten (beispielsweise Name, Anschrift oder eMail-Adressen) erhoben werden, erfolgt dies, soweit möglich, stets auf freiwilliger Basis. Diese Daten werden ohne Ihre ausdrückliche Zustimmung nicht an Dritte weitergegeben.</p>
<p>Wir weisen darauf hin, dass die Datenübertragung im Internet (z.B. bei der Kommunikation per E-Mail) Sicherheitslücken aufweisen kann. Ein lückenloser Schutz der Daten vor dem Zugriff durch Dritte ist nicht möglich.</p>
<p>Der Nutzung von im Rahmen der Impressumspflicht veröffentlichten Kontaktdaten durch Dritte zur Übersendung von nicht ausdrücklich angeforderter Werbung und Informationsmaterialien wird hiermit ausdrücklich widersprochen. Die Betreiber der Seiten behalten sich ausdrücklich rechtliche Schritte im Falle der unverlangten Zusendung von Werbeinformationen, etwa durch Spam-Mails, vor.</p>

<p>Verantwortlich für den Inhalt dieser Seiten: Andreas Zapf Kapellenbergstr. 37 61389 Schmitten Copyright © 2020 by Andreas Zapf &#8211; andreas@andreaszapf.de Haftung und Gewährleistung Die Inhalte dieser Webseite wurden mit größter Sorgfalt und Vorsicht erstellt. Für die Richtigkeit, Vollständigkeit und Aktualität &hellip; <a href="https://www.chronicles-of-the-luftwaffe.de/?page_id=7">Continue reading <span class="meta-nav">&rarr;</span></a></p>
